{"id":693,"date":"2024-03-03T14:15:22","date_gmt":"2024-03-03T13:15:22","guid":{"rendered":"https:\/\/nostalgie2000s.wordpress.com\/?page_id=693"},"modified":"2025-06-28T11:06:57","modified_gmt":"2025-06-28T09:06:57","slug":"tele-club-plus","status":"publish","type":"page","link":"https:\/\/nostalgie2000s.com\/index.php\/magazines\/tele-club-plus\/","title":{"rendered":"T\u00e9l\u00e9 Club Plus"},"content":{"rendered":"\n<figure class=\"wp-block-image size-full is-resized\"><img loading=\"lazy\" decoding=\"async\" width=\"764\" height=\"189\" src=\"https:\/\/nostalgie2000s.com\/wp-content\/uploads\/2024\/11\/teleclubplus-banniere.jpg\" alt=\"\" class=\"wp-image-10190\" style=\"width:840px;height:auto\" srcset=\"https:\/\/nostalgie2000s.com\/wp-content\/uploads\/2024\/11\/teleclubplus-banniere.jpg 764w, https:\/\/nostalgie2000s.com\/wp-content\/uploads\/2024\/11\/teleclubplus-banniere-300x74.jpg 300w\" sizes=\"auto, (max-width: 764px) 100vw, 764px\" \/><\/figure>\n\n\n\n<div style=\"height:21px\" aria-hidden=\"true\" class=\"wp-block-spacer\"><\/div>\n\n\n\n<p>Bienvenue sur la page consacr\u00e9e au magazine <strong>T\u00e9l\u00e9 Club Plus<\/strong> est un magazine t\u00e9l\u00e9visuel moins connu qui se distinguait par son contenu unique. Plut\u00f4t que de proposer des posters A4 comme ses concurrents, il captivait ses lecteurs avec des articles consacr\u00e9s aux c\u00e9l\u00e9brit\u00e9s de l&rsquo;\u00e9poque. Un v\u00e9ritable plongeon dans le monde des stars, sans fioritures, pour les passionn\u00e9s de la presse people.<\/p>\n\n\n\n<div style=\"height:44px\" aria-hidden=\"true\" class=\"wp-block-spacer\"><\/div>\n\n\n\n<h2 class=\"wp-block-heading has-text-align-center\"><em><strong>2000<\/strong><\/em><\/h2>\n\n\n<div class=\"wp-block-image\">\n<figure class=\"alignleft size-full\"><img loading=\"lazy\" decoding=\"async\" width=\"160\" height=\"229\" src=\"https:\/\/nostalgie2000s.com\/wp-content\/uploads\/2025\/03\/Tele-Club-Plus-97-01-Couverture.jpg\" alt=\"\" class=\"wp-image-13957\"\/><\/figure>\n<\/div>\n\n\n<p><strong>T\u00e9l\u00e9 Club Plus n\u00b097 &#8211; Septembre 2000<\/strong><br>Garou, Dawson<br>Brad Pitt &amp; Jennifer Aniston<br>Aliz\u00e9e, Organiz&rsquo;<br>Sarah Michelle Gellar, Ronan Keating<br>Christina Aguilera, David Boreanaz<br>Jessica Simpson, Gr\u00e9gori Baquet<br>Les milles et une vies d&rsquo;Ali Baba<br>Raydel, Eminem<br>Norma Ray, Sous le soleil<\/p>\n\n\n\n<div style=\"height:63px\" aria-hidden=\"true\" class=\"wp-block-spacer\"><\/div>\n\n\n\n<h2 class=\"wp-block-heading has-text-align-center\"><strong><em>2001<\/em><\/strong><\/h2>\n\n\n<div class=\"wp-block-image\">\n<figure class=\"alignleft size-large\"><img decoding=\"async\" src=\"https:\/\/nostalgie2000s.com\/wp-content\/uploads\/2024\/11\/Tele-Club-Plus-101-01-Couverture.jpg\" alt=\"\"\/><\/figure>\n<\/div>\n\n\n<p><span style=\"color: #ff0000\"><strong>T\u00e9l\u00e9 Club Plus n\u00b0101 &#8211; Janvier 2001<\/strong><\/span><br>\nBritney &amp; Justin<br>\nRom\u00e9o &amp; Juliette<br>\nBackstreet Boys, Eve Angeli<br>\nEminem, Aliz\u00e9e<br>\nBuffy contre les vampires, Dido<br>\nRobbie Williams, Britney Spears<br>\nClubs d&rsquo;or 2000, Samantha Mumba<br>\nFriends, Pedro Alves<\/p>\n\n\n\n<div style=\"height:20px\" aria-hidden=\"true\" class=\"wp-block-spacer\"><\/div>\n\n\n<div class=\"wp-block-image\">\n<figure class=\"alignleft size-large\"><img decoding=\"async\" src=\"https:\/\/nostalgie2000s.com\/wp-content\/uploads\/2024\/11\/Tele-Club-Plus-102-01-Couverture.jpg\" alt=\"\"\/><\/figure>\n<\/div>\n\n\n<p><span style=\"color: #ff0000\"><strong>T\u00e9l\u00e9 Club Plus n\u00b0102 &#8211; F\u00e9vrier 2001<\/strong><\/span><br>\nBritney Spears<br>\nNek, C\u00e9cilia Cara<br>\nLe prince William, Aliz\u00e9e<br>\n7 \u00e0 la maison, Aaron Carter<br>\nDaddy DJ, Christina Aguilera<br>\nAhmed Mouici, The Offspring<br>\nSonique<br>\nCoeurs rebelles, Fr\u00e9d\u00e9ric Lerner<\/p>\n\n\n<div class=\"wp-block-image\">\n<figure class=\"alignleft size-large\"><img decoding=\"async\" src=\"https:\/\/nostalgie2000s.com\/wp-content\/uploads\/2024\/11\/Tele-Club-Plus-103-01-Couverture.jpg\" alt=\"\"\/><\/figure>\n<\/div>\n\n\n<p><strong>T\u00e9l\u00e9 Club Plus n\u00b0103 &#8211; Mars 2001<\/strong><br>\nRom\u00e9o &amp; Juliette<br>\nChristina Aguilera &amp; Ricky Martin<br>\nN\u00e2diya, Faudel<br>\nJennifer Lopez, Hayden Christensen<br>\nShannen Doherty, Eminem<br>\nAliz\u00e9e, Bambi Cruz<br>\nGarou, MC Solaar<br>\nJulie Zenatti, Sawt El Atlas<\/p>\n\n\n\n<div style=\"height:23px\" aria-hidden=\"true\" class=\"wp-block-spacer\"><\/div>\n\n\n<div class=\"wp-block-image\">\n<figure class=\"alignleft size-large\"><img decoding=\"async\" src=\"https:\/\/nostalgie2000s.com\/wp-content\/uploads\/2024\/11\/Tele-Club-Plus-104-01-Couverturee.jpg\" alt=\"\"\/><\/figure>\n<\/div>\n\n\n<p><span style=\"color: #ff0000\"><strong>T\u00e9l\u00e9 Club Plus n\u00b0104 &#8211; Avril 2001<\/strong><\/span><br>\nDamien Sargue, Craig David<br>\nH\u00e9l\u00e8ne S\u00e9gara, Roswell<br>\nAaron Carter &amp; Lil&rsquo; Bow Wow<br>\nBritney Spears, Da Muttz<br>\nGabrielle Destroismaisons<br>\nFaudel<br>\nLargo Winch, Sonia Lacen<br>\nNatasha St-Pier,<br>\nCoeurs rebelles, Fr\u00e9d\u00e9ric Lerner<\/p>\n\n\n\n<div style=\"height:22px\" aria-hidden=\"true\" class=\"wp-block-spacer\"><\/div>\n\n\n<div class=\"wp-block-image\">\n<figure class=\"alignleft size-large\"><img decoding=\"async\" src=\"https:\/\/nostalgie2000s.com\/wp-content\/uploads\/2024\/11\/Tele-Club-Plus-105-01-Couverture.jpg\" alt=\"\"\/><\/figure>\n<\/div>\n\n\n<p><strong>T\u00e9l\u00e9 Club Plus n\u00b0105 &#8211; Mai 2001<\/strong><br>\nBritney Spears, Garou<br>\nAliz\u00e9e, Janet Jackson<br>\n7 \u00e0 la maison,<br>\nDestiny&rsquo;s Child<br>\nSous le soleil, Craig David<br>\nDido, Kelly Joyce<br>\nEve Angeli, Buffy contre les vampires<br>\nRoswell<\/p>\n\n\n\n<div style=\"height:26px\" aria-hidden=\"true\" class=\"wp-block-spacer\"><\/div>\n\n\n<div class=\"wp-block-image\">\n<figure class=\"alignleft size-large\"><img decoding=\"async\" src=\"https:\/\/nostalgie2000s.com\/wp-content\/uploads\/2024\/11\/Tele-Club-Plus-106-01-Couverture.jpg\" alt=\"\"\/><\/figure>\n<\/div>\n\n\n<p><span style=\"color: #ff0000\"><strong>T\u00e9l\u00e9 Club Plus n\u00b0106 &#8211; Juin 2001<\/strong><\/span><br>\nLoft Story, Madonna<br>\nRom\u00e9o &amp; Juliette, Aliz\u00e9e<br>\n7 \u00e0 la maison, Shaggy<br>\nLorie, Brad Pitt<br>\nDawson, L\u00e2\u00e2m<br>\nVal\u00e9rie V\u00e9ga<br>\nEmma Bunton, R. Kelly<br>\nBen Affleck<br>\nMya<\/p>\n\n\n<div class=\"wp-block-image\">\n<figure class=\"alignleft size-large\"><img decoding=\"async\" src=\"https:\/\/nostalgie2000s.com\/wp-content\/uploads\/2024\/11\/Tele-Club-Plus-107-01-Couverture.jpg\" alt=\"\"\/><\/figure>\n<\/div>\n\n\n<p><span style=\"color: #ff0000\"><strong>T\u00e9l\u00e9 Club Plus n\u00b0107 &#8211; Juillet 2001<\/strong><\/span><br>\nLoft Story, M\u00e9diterran\u00e9e<br>\nNatasha St-Pier<br>\nGilles Luka, Fr\u00e9d\u00e9ric Lerner<br>\nArno Elias, Cyril Paulus<br>\nLorie, Shannen Doherty<br>\nLyshees<br>\nLil&rsquo; Bow Wow, Angelina Jolie<br>\nCraig David<\/p>\n\n\n\n<div style=\"height:22px\" aria-hidden=\"true\" class=\"wp-block-spacer\"><\/div>\n\n\n<div class=\"wp-block-image\">\n<figure class=\"alignleft size-large\"><img decoding=\"async\" src=\"https:\/\/nostalgie2000s.com\/wp-content\/uploads\/2024\/11\/Tele-Club-Plus-108-01-Couverture.jpg\" alt=\"\"\/><\/figure>\n<\/div>\n\n\n<p><strong>T\u00e9l\u00e9 Club Plus n\u00b0 108 &#8211; Ao\u00fbt 2001<\/strong><br>\nGeri Halliwell<br>\nMadonna<br>\nLorie<br>\nMC Solaar<br>\nSamantha Mumba<br>\nJalane<br>\nDante Thomas<br>\nJessica Simpson<br>\nLoft Story<\/p>\n\n\n<div class=\"wp-block-image\">\n<figure class=\"alignleft size-large\"><img decoding=\"async\" src=\"https:\/\/nostalgie2000s.com\/wp-content\/uploads\/2024\/11\/Tele-Club-Plus-109-01-Couverture.jpg\" alt=\"\"\/><\/figure>\n<\/div>\n\n\n<p><span style=\"color: #ff0000\"><strong>T\u00e9l\u00e9 Club Plus n\u00b0109 &#8211; Ao\u00fbt 2001<\/strong><\/span><br>\nBritney Spears<br>\nJennifer Lopez &amp; Puff Daddy<br>\nLarusso, Roswell<br>\nChristina Aguilera, Billy Crawford<br>\nLorie, Largo Winch<br>\nEmma Bunton, Lil&rsquo; Bow Wow<br>\nBuffy contre les vampires, Jamiroquai<br>\nGyspy Kids, Sous le soleil<br>\nKoh Lanta, Faudel<\/p>\n\n\n\n<div style=\"height:63px\" aria-hidden=\"true\" class=\"wp-block-spacer\"><\/div>\n\n\n\n<h2 class=\"wp-block-heading has-text-align-center\"><strong><em>2003<\/em><\/strong><\/h2>\n\n\n<div class=\"wp-block-image\">\n<figure class=\"alignleft size-large\"><img decoding=\"async\" src=\"https:\/\/nostalgie2000s.com\/wp-content\/uploads\/2024\/11\/Tele-Club-Plus-126-01-Couverture.jpg\" alt=\"\"\/><\/figure>\n<\/div>\n\n\n<p><strong>T\u00e9l\u00e9 Club Plus n\u00b0126 &#8211; F\u00e9vrier 2003<\/strong><br>\nAliz\u00e9e, NRJ Music Awards<br>\nNolwenn Leroy, t.A.T.u<br>\nLeonardo Dicaprio, Jenifer<br>\nBritney &amp; Justin, Smallville<br>\nKelly Rowland, Star Academy<br>\nKyo, Choucou, Priscilla<br>\nNelly &amp; Justin, Buffy contre les vampires<br>\nEminem<\/p>\n\n\n\n<div style=\"height:23px\" aria-hidden=\"true\" class=\"wp-block-spacer\"><\/div>\n\n\n<div class=\"wp-block-image\">\n<figure class=\"alignleft size-large\"><img decoding=\"async\" src=\"https:\/\/nostalgie2000s.com\/wp-content\/uploads\/2024\/11\/Tele-Club-Plus-132-01-Couverture.jpg\" alt=\"\"\/><\/figure>\n<\/div>\n\n\n<p><strong>T\u00e9l\u00e9 Club Plus n\u00b0132 &#8211; Ao\u00fbt 2003<\/strong><br>\nDax O&rsquo;Callaghan, Jonatan Cerrada<br>\nSerena, Britney Spears<br>\nCraig David, Jennifer Lopez<br>\nEminem<br>\nAliz\u00e9e\/Lorie<br>\nDiam&rsquo;s, Justin\/Billy<br>\nFaudel, Smallville<br>\nTerminator<\/p>\n\n\n\n<div style=\"height:63px\" aria-hidden=\"true\" class=\"wp-block-spacer\"><\/div>\n\n\n\n<h2 class=\"wp-block-heading has-text-align-center\"><strong><em>2004<\/em><\/strong><\/h2>\n\n\n<div class=\"wp-block-image\">\n<figure class=\"alignleft size-large\"><img decoding=\"async\" src=\"https:\/\/nostalgie2000s.com\/wp-content\/uploads\/2024\/11\/Tele-Club-Plus-143-01-Couverture.jpg\" alt=\"\"\/><\/figure>\n<\/div>\n\n\n<p><strong>T\u00e9l\u00e9 Club Plus n\u00b0143 &#8211; Juillet 2004<\/strong><br>\nJulien, Jenifer<br>\nO-Zone, Steeve<br>\nLeslie, Eamon<br>\nKelis, Les choristes<br>\nKyo, Kristin Kreuk<br>\nMario Winans, K-Maro<br>\nJ\u00e9r\u00e9my Chatelain, Singuila<br>\nJean Roch, Tobey Maguire, Daniel Radcliff<\/p>\n\n\n\n<div style=\"height:63px\" aria-hidden=\"true\" class=\"wp-block-spacer\"><\/div>\n\n\n\n<h2 class=\"wp-block-heading has-text-align-center\"><em><strong>Hors-S\u00e9ries<\/strong><\/em><\/h2>\n\n\n<div class=\"wp-block-image\">\n<figure class=\"alignleft size-large\"><img decoding=\"async\" src=\"https:\/\/nostalgie2000s.com\/wp-content\/uploads\/2024\/11\/Tele-Club-Plus-HS-30-01-Couverture.png\" alt=\"\"\/><\/figure>\n<\/div>\n\n\n<p><strong>T\u00e9l\u00e9 Club Plus Hors-s\u00e9rie n\u00b030 &#8211; Juillet 2001<\/strong><br>\nLoft Story<br>\nLes jeux<br>\nLorie<br>\nBritney Spears<br>\nAliz\u00e9e<br>\nSamantha Mumba<br>\nChristina Aguilera<br>\nC\u00e9cilia Cara<br>\nEve Angeli, Dido<\/p>\n\n\n\n<div style=\"height:20px\" aria-hidden=\"true\" class=\"wp-block-spacer\"><\/div>\n\n\n<div class=\"wp-block-image\">\n<figure class=\"alignleft size-large\"><img decoding=\"async\" src=\"https:\/\/nostalgie2000s.com\/wp-content\/uploads\/2024\/11\/Tele-Club-Plus-HS-24-01-Couverture.jpg\" alt=\"\"\/><\/figure>\n<\/div>\n\n\n<p><strong>Vedette Plus Hors-s\u00e9rie n\u00b024 &#8211; D\u00e9cembre 2003<\/strong><br>\nJustin Timberlake<br>\nWilly Denzey<br>\nBeyonc\u00e9<br>\nBilly Crawford<br>\nBritney Spears<br>\nKyo<br>\nThierry Amiel<br>\nJonatan Cerrada<\/p>\n\n\n\n<div style=\"height:20px\" aria-hidden=\"true\" class=\"wp-block-spacer\"><\/div>\n\n\n<div class=\"wp-block-image\">\n<figure class=\"alignleft size-large\"><img decoding=\"async\" src=\"https:\/\/nostalgie2000s.com\/wp-content\/uploads\/2024\/11\/Tele-Club-Plus-HS-36-01-Couverture.jpg\" alt=\"\"\/><\/figure>\n<\/div>\n\n\n<p><strong>T\u00e9l\u00e9 Club Plus Hors-s\u00e9rie n\u00b036 &#8211; D\u00e9cembre 2003<\/strong><br>\nJustin Timberlake, Beyonc\u00e9<br>\nKyo, Jennifer Lopez<br>\nGareth Gates, Lorie<br>\nEminem, Pink<br>\nDJ Bobo, Alex Band<br>\nChristina Aguilera, Madonna<br>\nBlue, Shakira<br>\nAliz\u00e9e, Diam&rsquo;s<\/p>\n\n\n\n<div style=\"height:27px\" aria-hidden=\"true\" class=\"wp-block-spacer\"><\/div>\n\n\n\n<pre class=\"wp-block-preformatted\"><input type=\"button\" value=\"Retour\" class=\"alg_back_button_input \" style=\"\" onclick=\"window.history.back()\" \/><\/pre>\n","protected":false},"excerpt":{"rendered":"<p>Bienvenue sur la page consacr\u00e9e au magazine T\u00e9l\u00e9 Club Plus est un magazine t\u00e9l\u00e9visuel moins connu qui se distinguait par son contenu unique. Plut\u00f4t que de proposer des posters A4 [&hellip;]<\/p>\n","protected":false},"author":1,"featured_media":0,"parent":744,"menu_order":0,"comment_status":"open","ping_status":"closed","template":"","meta":{"_kadence_starter_templates_imported_post":false,"iawp_total_views":59,"footnotes":""},"class_list":["post-693","page","type-page","status-publish","hentry"],"_links":{"self":[{"href":"https:\/\/nostalgie2000s.com\/index.php\/wp-json\/wp\/v2\/pages\/693","targetHints":{"allow":["GET"]}}],"collection":[{"href":"https:\/\/nostalgie2000s.com\/index.php\/wp-json\/wp\/v2\/pages"}],"about":[{"href":"https:\/\/nostalgie2000s.com\/index.php\/wp-json\/wp\/v2\/types\/page"}],"author":[{"embeddable":true,"href":"https:\/\/nostalgie2000s.com\/index.php\/wp-json\/wp\/v2\/users\/1"}],"replies":[{"embeddable":true,"href":"https:\/\/nostalgie2000s.com\/index.php\/wp-json\/wp\/v2\/comments?post=693"}],"version-history":[{"count":6,"href":"https:\/\/nostalgie2000s.com\/index.php\/wp-json\/wp\/v2\/pages\/693\/revisions"}],"predecessor-version":[{"id":14827,"href":"https:\/\/nostalgie2000s.com\/index.php\/wp-json\/wp\/v2\/pages\/693\/revisions\/14827"}],"up":[{"embeddable":true,"href":"https:\/\/nostalgie2000s.com\/index.php\/wp-json\/wp\/v2\/pages\/744"}],"wp:attachment":[{"href":"https:\/\/nostalgie2000s.com\/index.php\/wp-json\/wp\/v2\/media?parent=693"}],"curies":[{"name":"wp","href":"https:\/\/api.w.org\/{rel}","templated":true}]}}