{"id":3444,"date":"2024-08-23T23:07:59","date_gmt":"2024-08-23T21:07:59","guid":{"rendered":"https:\/\/nostalgie2000s.com\/?page_id=3444"},"modified":"2024-11-05T19:48:20","modified_gmt":"2024-11-05T18:48:20","slug":"popstars","status":"publish","type":"page","link":"https:\/\/nostalgie2000s.com\/index.php\/m6\/popstars\/","title":{"rendered":"Popstars"},"content":{"rendered":"\n<figure class=\"wp-block-image size-full is-resized\"><img loading=\"lazy\" decoding=\"async\" width=\"764\" height=\"189\" src=\"https:\/\/nostalgie2000s.com\/wp-content\/uploads\/2024\/11\/popstars-banniere.jpg\" alt=\"\" class=\"wp-image-10245\" style=\"width:840px;height:auto\" srcset=\"https:\/\/nostalgie2000s.com\/wp-content\/uploads\/2024\/11\/popstars-banniere.jpg 764w, https:\/\/nostalgie2000s.com\/wp-content\/uploads\/2024\/11\/popstars-banniere-300x74.jpg 300w\" sizes=\"auto, (max-width: 764px) 100vw, 764px\" \/><\/figure>\n\n\n\n<div style=\"height:19px\" aria-hidden=\"true\" class=\"wp-block-spacer\"><\/div>\n\n\n\n<p><strong>Popstars<\/strong> est une \u00e9mission embl\u00e9matique de la t\u00e9l\u00e9-r\u00e9alit\u00e9 musicale diffus\u00e9e sur M6 entre 2001 et 2007. V\u00e9ritable tremplin pour de jeunes talents, elle a r\u00e9v\u00e9l\u00e9 des groupes et artistes devenus incontournables, comme les <strong>L5<\/strong>, les <strong>Whatfor<\/strong>, les <strong>Linkup<\/strong>, ainsi que <strong>Sheryfa Luna<\/strong>. \u00c0 travers des castings intenses, des coachings et des d\u00e9fis en studio, <strong>Popstars<\/strong> a captiv\u00e9 les t\u00e9l\u00e9spectateurs en d\u00e9voilant les coulisses de la cr\u00e9ation d&rsquo;un groupe. Cette \u00e9mission a marqu\u00e9 toute une g\u00e9n\u00e9ration et reste un souvenir marquant de l&rsquo;\u00e9poque des d\u00e9buts de la t\u00e9l\u00e9-r\u00e9alit\u00e9 musicale en France.<\/p>\n\n\n\n<figure class=\"wp-block-image size-large is-resized\"><img decoding=\"async\" src=\"https:\/\/nostalgie2000s.com\/wp-content\/uploads\/2024\/11\/popstars-generique.jpg\" alt=\"\" style=\"width:840px;height:auto\"\/><\/figure>\n\n\n\n<figure class=\"wp-block-embed is-type-video is-provider-youtube wp-block-embed-youtube wp-embed-aspect-16-9 wp-has-aspect-ratio\"><div class=\"wp-block-embed__wrapper\">\n<iframe loading=\"lazy\" title=\"Double Dee - You (G\u00e9n\u00e9rique Popstars) 2001 (Clip officiel)\" width=\"640\" height=\"360\" src=\"https:\/\/www.youtube.com\/embed\/7LVyBV8K77c?feature=oembed\" frameborder=\"0\" allow=\"accelerometer; autoplay; clipboard-write; encrypted-media; gyroscope; picture-in-picture; web-share\" referrerpolicy=\"strict-origin-when-cross-origin\" allowfullscreen><\/iframe>\n<\/div><figcaption class=\"wp-element-caption\">Double Dee : \u00ab\u00a0You\u00a0\u00bb (2001)<\/figcaption><\/figure>\n\n\n\n<figure class=\"wp-block-image size-large is-resized\"><img decoding=\"async\" src=\"https:\/\/nostalgie2000s.com\/wp-content\/uploads\/2024\/11\/popstars-saisons.jpg\" alt=\"\" style=\"width:840px;height:auto\"\/><\/figure>\n\n\n\n<p>R\u00e9sum\u00e9s en images des saisons de \u00ab\u00a0<em><strong>Popstars<\/strong><\/em>\u00a0\u00bb :<\/p>\n\n\n<div class=\"wp-block-image\">\n<figure class=\"aligncenter size-large\"><a href=\"https:\/\/nostalgie2000s.com\/index.php\/popstars-2-whatfor\/\"><img decoding=\"async\" src=\"https:\/\/nostalgie2000s.com\/wp-content\/uploads\/2024\/11\/popstars2.png\" alt=\"\"\/><\/a><\/figure>\n<\/div>\n\n\n<div style=\"height:27px\" aria-hidden=\"true\" class=\"wp-block-spacer\"><\/div>\n\n\n\n<p class=\"has-text-align-center\"><strong><em>En cours de r\u00e9daction :<\/em><\/strong><\/p>\n\n\n\n<div class=\"wp-block-group is-layout-grid wp-container-core-group-is-layout-9649a0d9 wp-block-group-is-layout-grid\">\n<figure class=\"wp-block-image size-large\"><img decoding=\"async\" src=\"https:\/\/nostalgie2000s.com\/wp-content\/uploads\/2024\/11\/popstars1.png\" alt=\"\"\/><\/figure>\n\n\n\n<figure class=\"wp-block-image size-large\"><img decoding=\"async\" src=\"https:\/\/nostalgie2000s.com\/wp-content\/uploads\/2024\/11\/popstars3.png\" alt=\"\"\/><\/figure>\n\n\n\n<figure class=\"wp-block-image size-large\"><img decoding=\"async\" src=\"https:\/\/nostalgie2000s.com\/wp-content\/uploads\/2024\/11\/popstars4.png\" alt=\"\"\/><\/figure>\n\n\n\n<p><\/p>\n<\/div>\n\n\n\n<input type=\"button\" value=\"Retour\" class=\"alg_back_button_input \" style=\"\" onclick=\"window.history.back()\" \/>\n","protected":false},"excerpt":{"rendered":"<p>Popstars est une \u00e9mission embl\u00e9matique de la t\u00e9l\u00e9-r\u00e9alit\u00e9 musicale diffus\u00e9e sur M6 entre 2001 et 2007. V\u00e9ritable tremplin pour de jeunes talents, elle a r\u00e9v\u00e9l\u00e9 des groupes et artistes devenus [&hellip;]<\/p>\n","protected":false},"author":1,"featured_media":0,"parent":55,"menu_order":0,"comment_status":"open","ping_status":"closed","template":"","meta":{"_kadence_starter_templates_imported_post":false,"iawp_total_views":45,"footnotes":""},"class_list":["post-3444","page","type-page","status-publish","hentry"],"_links":{"self":[{"href":"https:\/\/nostalgie2000s.com\/index.php\/wp-json\/wp\/v2\/pages\/3444","targetHints":{"allow":["GET"]}}],"collection":[{"href":"https:\/\/nostalgie2000s.com\/index.php\/wp-json\/wp\/v2\/pages"}],"about":[{"href":"https:\/\/nostalgie2000s.com\/index.php\/wp-json\/wp\/v2\/types\/page"}],"author":[{"embeddable":true,"href":"https:\/\/nostalgie2000s.com\/index.php\/wp-json\/wp\/v2\/users\/1"}],"replies":[{"embeddable":true,"href":"https:\/\/nostalgie2000s.com\/index.php\/wp-json\/wp\/v2\/comments?post=3444"}],"version-history":[{"count":6,"href":"https:\/\/nostalgie2000s.com\/index.php\/wp-json\/wp\/v2\/pages\/3444\/revisions"}],"predecessor-version":[{"id":10870,"href":"https:\/\/nostalgie2000s.com\/index.php\/wp-json\/wp\/v2\/pages\/3444\/revisions\/10870"}],"up":[{"embeddable":true,"href":"https:\/\/nostalgie2000s.com\/index.php\/wp-json\/wp\/v2\/pages\/55"}],"wp:attachment":[{"href":"https:\/\/nostalgie2000s.com\/index.php\/wp-json\/wp\/v2\/media?parent=3444"}],"curies":[{"name":"wp","href":"https:\/\/api.w.org\/{rel}","templated":true}]}}